eds digit of 9/(k/78 - (22 - 20))?
3
Suppose -6*g + 15 - 3 = 0. Suppose -4*d + 12 = -j, -g*j + 4 = -2*d + 10. What is the hundreds digit of d - (-136 + 3)/(1 + 0)?
1
Let b(u) = -u**2 + 2*u + 6. Let z be b(3). Suppose -v = -3*x - 4, v = -v - z*x + 8. Suppose -3*t - t + 52 = 4*w, -v*w - 3*t = -57. What is the units digit of w?
8
Let k be (2 - (0 + -245)) + (-12)/3. Suppose -244*o + 65 = -k*o. What is the units digit of o?
5
Let u be 111 - (8 + 0 - 8). Suppose 0 = u*g - 118*g + 12082. What is the units digit of g?
6
Let v be -2 + 16/9 - 310/(-18). Suppose -3*n - 4*r + 613 = 0, -v*n - 4*r = -15*n - 406. What is the units digit of n?
7
Let r(x) = 60*x + 329. What is the thousands digit of r(17)?
1
Let f(n) = -20*n - 12. Let l be f(-12). Let p = l + -148. What is the units digit of p?
0
Suppose 0 = -33*y + 20*y + 4056. Suppose -4*u - 2*p + 2 = -5*u, 0 = 3*p - 9. Suppose -2*m + y = u*b, -3*m - 89 = -3*b + 145. What is the units digit of b?
8
Let a(j) be the first derivative of j**4/4 + 3*j**3 - 12*j + 2. Let k(h) = -85*h - 688. Let u be k(-8). What is the tens digit of a(u)?
5
Suppose -2119*z + 2122*z - 64631 = 2*s, -4*s = -z + 21527. What is the ten thousands digit of z?
2
Suppose -3*m + 7*i + 28031 = 8*i, -3*i = 12. What is the thousands digit of m?
9
Let n = -42251 - -59322. What is the thousands digit of n?
7
Let d = -23 + 62. Let v(z) = -51 + 35*z + 42*z + d*z - 111*z. What is the units digit of v(30)?
9
Let w(p) = -12*p + 16. Let i be w(4). Suppose -187 = -5*f + 4*f - n, -f - 4*n + 202 = 0. Let s = f + i. What is the tens digit of s?
5
Let u = -22608 + 54790. What is the thousands digit of u?
2
What is the ten thousands digit of -2*3*-1*17593585/3345?
3
Let m be (-10)/(65/(-10) - -6). Suppose -m*x + 4565 = -2095. What is the tens digit of x?
3
Let o = 3531 + 15. What is the thousands digit of o?
3
Let c = 15 + -10. Suppose 0 = c*g + 5*r + 2840, -4*g - 4*r = -g + 1704. Let y = -332 - g. What is the units digit of y?
6
Let j(w) = -10*w**2 - w - 1. Let p be j(-1). Let t be (p/(-25))/(1*2/70). Suppose 3*u - 5*r - 81 = -6*r, u - 4*r - t = 0. What is the units digit of u?
6
Let j(s) = -201*s**3 + 8*s**2 + s + 2. Let p(y) = -201*y**3 + 9*y**2 + 4. Let k(i) = 3*j(i) - 2*p(i). What is the tens digit of k(-1)?
0
Suppose 219209 - 68303 = 3*s. What is the thousands digit of s?
0
Let x(h) = -h**2 + 2*h + 35. Let v be x(7). Suppose v = 3*k - 5*p - 1719, 570 + 577 = 2*k - 3*p. What is the hundreds digit of k?
5
What is the hundreds digit of (3/(-5) + (-4580342)/1130)*(-4)/2?
1
Let c = 47300 - -5832. What is the units digit of c?
2
Let h be -8 - (3 + -6 + 4). Let t = h + 21. What is the tens digit of ((-4)/(-3))/(t/432)?
4
Suppose -239*f - 2683297 = -8893473. What is the tens digit of f?
8
Let u be 42 + 6/(-2) + -1. Let c = u + -53. What is the units digit of (-4)/(-30) + -493*1/c?
3
Let j be (-73)/584 + (-1)/(24/(-171)). Let x(z) = z + 675. Let m be x(0). Suppose m = -2*v + j*v. What is the hundreds digit of v?
1
Suppose 6 = 2*u + 8. Let g(q) = -737*q**2 + 383*q**2 - q + 394*q**2. What is the units digit of g(u)?
1
Suppose -2*k + c = -470 + 10, 0 = 5*k - c - 1150. Let t be (k/2)/((-2)/4). Let b = -101 - t. What is the hundreds digit of b?
1
Let f(m) = 146*m**3 + 6*m**2 - 17*m + 25. What is the hundreds digit of f(5)?
3
Let i = 8960 - 2743. What is the tens digit of i?
1
Let j be -7*(5 + (-148)/28). Suppose -5*l - 2*i = -162, 0 = 4*l - 6*i + j*i - 152. What is the tens digit of l?
3
Let n = -8250 + 20977. What is the tens digit of n?
2
Let l be 2/2 - 2/(-2) - -7. Let r(b) = -b**3 + 8*b**2 + 6*b + 30. Let s be r(l). Suppose s*q = 6*q - 75. What is the tens digit of q?
2
What is the ten thousands digit of 2950/4425*((-396082)/(-20) - 4/(-10))?
1
Suppose 5*f = 4*f + 3. Suppose 0 = 4*y - f*v + 18, 10 = -2*y + 3*v - 2*v. Let u(z) = -z**3 - 7*z**2 - 22*z - 8. What is the tens digit of u(y)?
8
Suppose -2*q + 4*m = -3*q + 5, -3*m - 12 = 0. Suppose 387 + q = 4*s. Suppose -5*p = 4*f - s, p + 137 - 51 = 3*f. What is the units digit of f?
8
Let k(o) = 46*o**2 + o - 174. What is the units digit of k(19)?
1
Suppose -24 - 16 = -8*m. Suppose -100 = -5*l - o, 6*o - o - 100 = -m*l. What is the units digit of 4 + l/(-15)*-63?
8
Suppose 0*c - 6140 = -4*c. Suppose -c = -5*m + 895. Let l = m + -314. What is the hundreds digit of l?
1
Let c(d) = -103*d + 9. Let h be c(-13). Suppose -t + 2 = i + t, -3*t - 6 = 0. Suppose -h + 328 = -i*p. What is the hundreds digit of p?
1
Let x = 228 + -162. Let a = 57 + x. What is the units digit of a?
3
Suppose 8593*r + 24664 = 8594*r. What is the thousands digit of r?
4
Suppose -45519 = -11*q + 24606. Suppose -6*k + q = 2307. What is the hundreds digit of k?
6
Let g(q) = q**2 - 21*q - 58. Let s be g(21). Suppose 2 = -p - 0*p. What is the tens digit of -4 + 5 - (p + s)?
6
Let u = -1460 - -3233. Let l = u - 1016. What is the units digit of l?
7
Let p = 34875 + -19171. What is the thousands digit of p?
5
Suppose -4*o + 25 = -23. Suppose 2993 = o*r - 2239. What is the tens digit of r?
3
Suppose 206*f = 210*f + 60. What is the units digit of 709 - -6*(-20)/f?
7
Let i(q) = 88*q + 11. Let n be i(3). Let u = 482 - n. What is the hundreds digit of u?
2
Let n(j) = 2*j + 15. Suppose -11*h = 8 + 58. Let m be n(h). Suppose -332 - 151 = -m*g. What is the hundreds digit of g?
1
Let f = -459 + 460. What is the thousands digit of -1*f + -164*(-5 - 7)?
1
Let n(w) = -2*w**3 + 3*w**2 + 4*w - 2. Let k be n(3). Let v(a) = -a**3 + 28*a**2 + 30*a - 3. Let q be v(29). Let m = q - k. What is the units digit of m?
3
Suppose 3*p + 4*u = p + 132, 5*p + 5*u - 315 = 0. Let j(s) = 3*s + 45. Let m be j(-12). Suppose -m*y + p = y. What is the units digit of y?
6
What is the tens digit of -31 + (-2280)/(-72) + (-64210)/(-3) + 1?
0
Let l = -772 + 1189. Suppose l*y - 409*y = 4456. What is the tens digit of y?
5
Suppose 0 = c + 3*w - 17, -w = 4*c + w - 28. Let o be -6 + c/1 + 1 + 24. Suppose 0 = -4*n + 32 + o. What is the units digit of n?
4
Let l = -198 + 191. Let w(c) = -c**3 + 6*c**2 + 21*c - 1. What is the hundreds digit of w(l)?
4
What is the hundreds digit of -1 + -2 + (-38515)/(-10) - (-12)/(-24)?
8
Suppose -k = -2*d + 59 + 157, -d = 2*k - 98. Let x(v) = -19*v**3 + 2*v**2 - v. Let n be x(1). Let q = d + n. What is the units digit of q?
8
Let z = 495 - 635. Let u = -141 + 50. Let j = u - z. What is the units digit of j?
9
Suppose 2736 = v + 3*v. Let d = 1214 - v. What is the units digit of d?
0
Suppose -3*j + 1257 = 4*k, -838 = -2*j - 3*k + 5*k. Let d = -23 + j. Suppose d = 3*g + 2*v + 30, -g - v = -121. What is the units digit of g?
4
Let d(t) = 44*t**2 + 18*t + 53. Let b be d(-4). Let k = -253 + b. What is the units digit of k?
2
Let o(p) = -75*p + 49. Let u be -20*1/(-4) - 13. What is the hundreds digit of o(u)?
6
Let h(c) = 110*c + 78. Suppose 5*l = s + 10*l - 3, -s + 3 = 2*l. What is the tens digit of h(s)?
0
Let o(v) = 44*v**2 + 5*v - 5. Let b(g) = -43*g**2 - 6*g + 5. Let s(l) = 4*b(l) + 5*o(l). What is the units digit of s(-3)?
4
Suppose -1664*q + 1659*q + 200 = 0. Suppose -23*x - 6018 = -q*x. What is the units digit of x?
4
What is the tens digit of (-56546)/(-8) - (-58)/(-232)?
6
Let h be ((-1 - -2) + 0)/(23/(-92)). Let l be 0/((3 - 1) + h). Suppose l = -q + 4*q - 315. What is the tens digit of q?
0
Let o be (9/(-3))/1 + 6. Suppose 195 = o*k - 9. What is the units digit of k?
8
What is the ten thousands digit of (19*(-32)/(-20))/((-79548)/39795 - -2)?
2
Suppose -63*q - 74142 + 234642 = -166785. What is the units digit of q?
5
Let r = 73 - 104. Let q = -12 - r. Suppose q*c - 7*c = 768. What is the tens digit of c?
6
Let g be -9*(-1)/(-2) - (-108)/72. What is the hundreds digit of (-5)/10*(-575 + g)?
2
Suppose 6*p - 24892 = 181718. What is the hundreds digit of p?
4
Let y(g) = 461*g**2 + 223*g + 1087. What is the ten thousands digit of y(-5)?
1
Let z(a) = -a**3 - 10*a**2 - 21. Let d be z(-10). Let v(j) = j**3 + 21*j**2 - 21*j + 48. What is the tens digit of v(d)?
8
Let i = -286 + 286. Suppose i = 5*o - 637 - 1178. What is the hundreds digit of o?
3
Let l be 1*-2 - (-20 + 0/(-1)). Suppose -22*y = -l*y - 1008. What is the hundreds digit of y?
2
Let l(j) = -j**3 + 29*j**2 + 17*j - 20. Let u be l(30). Let a = u - -852. What is the tens digit of a?
4
Suppose -3 = -80*v + 7